{"id":85930,"date":"2021-06-04T09:51:21","date_gmt":"2021-06-04T13:51:21","guid":{"rendered":"https:\/\/thevegehome.com\/?post_type=recipe&#038;p=85930"},"modified":"2024-09-11T13:56:41","modified_gmt":"2024-09-11T17:56:41","slug":"salade-dete-au-concombre-et-a-laneth","status":"publish","type":"recipe","link":"https:\/\/thevegehome.com\/fr\/blog\/recipe\/salade-dete-au-concombre-et-a-laneth\/","title":{"rendered":"SALADE D&rsquo;\u00c9T\u00c9 AU CONCOMBRE ET \u00c0 L&rsquo;ANETH"},"content":{"rendered":"","protected":false},"featured_media":6287,"template":"","class_list":["post-85930","recipe","type-recipe","status-publish","has-post-thumbnail","hentry"],"acf":[],"yoast_head":"<!-- This site is optimized with the Yoast SEO plugin v27.4 - https:\/\/yoast.com\/product\/yoast-seo-wordpress\/ -->\n<title>SALADE D&#039;\u00c9T\u00c9 AU CONCOMBRE ET \u00c0 L&#039;ANETH - Vegehome<\/title>\n<meta name=\"robots\" content=\"index, follow, max-snippet:-1, max-image-preview:large, max-video-preview:-1\" \/>\n<link rel=\"canonical\" href=\"https:\/\/thevegehome.com\/fr\/blog\/recipe\/salade-dete-au-concombre-et-a-laneth\/\" \/>\n<meta property=\"og:locale\" content=\"fr_FR\" \/>\n<meta property=\"og:type\" content=\"article\" \/>\n<meta property=\"og:title\" content=\"SALADE D&#039;\u00c9T\u00c9 AU CONCOMBRE ET \u00c0 L&#039;ANETH - Vegehome\" \/>\n<meta property=\"og:url\" content=\"https:\/\/thevegehome.com\/fr\/blog\/recipe\/salade-dete-au-concombre-et-a-laneth\/\" \/>\n<meta property=\"og:site_name\" content=\"Vegehome\" \/>\n<meta property=\"article:modified_time\" content=\"2024-09-11T17:56:41+00:00\" \/>\n<meta property=\"og:image\" content=\"https:\/\/thevegehome.com\/wp-content\/uploads\/2021\/06\/Screen-Shot-2021-06-04-at-9.48.49-AM.png\" \/>\n\t<meta property=\"og:image:width\" content=\"1332\" \/>\n\t<meta property=\"og:image:height\" content=\"882\" \/>\n\t<meta property=\"og:image:type\" content=\"image\/png\" \/>\n<script type=\"application\/ld+json\" class=\"yoast-schema-graph\">{\"@context\":\"https:\\\/\\\/schema.org\",\"@graph\":[{\"@type\":\"WebPage\",\"@id\":\"https:\\\/\\\/thevegehome.com\\\/fr\\\/blog\\\/recipe\\\/salade-dete-au-concombre-et-a-laneth\\\/\",\"url\":\"https:\\\/\\\/thevegehome.com\\\/fr\\\/blog\\\/recipe\\\/salade-dete-au-concombre-et-a-laneth\\\/\",\"name\":\"SALADE D'\u00c9T\u00c9 AU CONCOMBRE ET \u00c0 L'ANETH - Vegehome\",\"isPartOf\":{\"@id\":\"https:\\\/\\\/thevegehome.com\\\/fr\\\/#website\"},\"primaryImageOfPage\":{\"@id\":\"https:\\\/\\\/thevegehome.com\\\/fr\\\/blog\\\/recipe\\\/salade-dete-au-concombre-et-a-laneth\\\/#primaryimage\"},\"image\":{\"@id\":\"https:\\\/\\\/thevegehome.com\\\/fr\\\/blog\\\/recipe\\\/salade-dete-au-concombre-et-a-laneth\\\/#primaryimage\"},\"thumbnailUrl\":\"https:\\\/\\\/thevegehome.com\\\/wp-content\\\/uploads\\\/2021\\\/06\\\/Screen-Shot-2021-06-04-at-9.48.49-AM.png\",\"datePublished\":\"2021-06-04T13:51:21+00:00\",\"dateModified\":\"2024-09-11T17:56:41+00:00\",\"breadcrumb\":{\"@id\":\"https:\\\/\\\/thevegehome.com\\\/fr\\\/blog\\\/recipe\\\/salade-dete-au-concombre-et-a-laneth\\\/#breadcrumb\"},\"inLanguage\":\"fr-FR\",\"potentialAction\":[{\"@type\":\"ReadAction\",\"target\":[\"https:\\\/\\\/thevegehome.com\\\/fr\\\/blog\\\/recipe\\\/salade-dete-au-concombre-et-a-laneth\\\/\"]}]},{\"@type\":\"ImageObject\",\"inLanguage\":\"fr-FR\",\"@id\":\"https:\\\/\\\/thevegehome.com\\\/fr\\\/blog\\\/recipe\\\/salade-dete-au-concombre-et-a-laneth\\\/#primaryimage\",\"url\":\"https:\\\/\\\/thevegehome.com\\\/wp-content\\\/uploads\\\/2021\\\/06\\\/Screen-Shot-2021-06-04-at-9.48.49-AM.png\",\"contentUrl\":\"https:\\\/\\\/thevegehome.com\\\/wp-content\\\/uploads\\\/2021\\\/06\\\/Screen-Shot-2021-06-04-at-9.48.49-AM.png\",\"width\":1332,\"height\":882},{\"@type\":\"BreadcrumbList\",\"@id\":\"https:\\\/\\\/thevegehome.com\\\/fr\\\/blog\\\/recipe\\\/salade-dete-au-concombre-et-a-laneth\\\/#breadcrumb\",\"itemListElement\":[{\"@type\":\"ListItem\",\"position\":1,\"name\":\"Home\",\"item\":\"https:\\\/\\\/thevegehome.com\\\/fr\\\/\"},{\"@type\":\"ListItem\",\"position\":2,\"name\":\"SALADE D&#8217;\u00c9T\u00c9 AU CONCOMBRE ET \u00c0 L&#8217;ANETH\"}]},{\"@type\":\"WebSite\",\"@id\":\"https:\\\/\\\/thevegehome.com\\\/fr\\\/#website\",\"url\":\"https:\\\/\\\/thevegehome.com\\\/fr\\\/\",\"name\":\"Vegehome\",\"description\":\"Vegehome\",\"potentialAction\":[{\"@type\":\"SearchAction\",\"target\":{\"@type\":\"EntryPoint\",\"urlTemplate\":\"https:\\\/\\\/thevegehome.com\\\/fr\\\/?s={search_term_string}\"},\"query-input\":{\"@type\":\"PropertyValueSpecification\",\"valueRequired\":true,\"valueName\":\"search_term_string\"}}],\"inLanguage\":\"fr-FR\"}]}<\/script>\n<!-- \/ Yoast SEO plugin. -->","yoast_head_json":{"title":"SALADE D'\u00c9T\u00c9 AU CONCOMBRE ET \u00c0 L'ANETH - Vegehome","robots":{"index":"index","follow":"follow","max-snippet":"max-snippet:-1","max-image-preview":"max-image-preview:large","max-video-preview":"max-video-preview:-1"},"canonical":"https:\/\/thevegehome.com\/fr\/blog\/recipe\/salade-dete-au-concombre-et-a-laneth\/","og_locale":"fr_FR","og_type":"article","og_title":"SALADE D'\u00c9T\u00c9 AU CONCOMBRE ET \u00c0 L'ANETH - Vegehome","og_url":"https:\/\/thevegehome.com\/fr\/blog\/recipe\/salade-dete-au-concombre-et-a-laneth\/","og_site_name":"Vegehome","article_modified_time":"2024-09-11T17:56:41+00:00","og_image":[{"width":1332,"height":882,"url":"https:\/\/thevegehome.com\/wp-content\/uploads\/2021\/06\/Screen-Shot-2021-06-04-at-9.48.49-AM.png","type":"image\/png"}],"schema":{"@context":"https:\/\/schema.org","@graph":[{"@type":"WebPage","@id":"https:\/\/thevegehome.com\/fr\/blog\/recipe\/salade-dete-au-concombre-et-a-laneth\/","url":"https:\/\/thevegehome.com\/fr\/blog\/recipe\/salade-dete-au-concombre-et-a-laneth\/","name":"SALADE D'\u00c9T\u00c9 AU CONCOMBRE ET \u00c0 L'ANETH - Vegehome","isPartOf":{"@id":"https:\/\/thevegehome.com\/fr\/#website"},"primaryImageOfPage":{"@id":"https:\/\/thevegehome.com\/fr\/blog\/recipe\/salade-dete-au-concombre-et-a-laneth\/#primaryimage"},"image":{"@id":"https:\/\/thevegehome.com\/fr\/blog\/recipe\/salade-dete-au-concombre-et-a-laneth\/#primaryimage"},"thumbnailUrl":"https:\/\/thevegehome.com\/wp-content\/uploads\/2021\/06\/Screen-Shot-2021-06-04-at-9.48.49-AM.png","datePublished":"2021-06-04T13:51:21+00:00","dateModified":"2024-09-11T17:56:41+00:00","breadcrumb":{"@id":"https:\/\/thevegehome.com\/fr\/blog\/recipe\/salade-dete-au-concombre-et-a-laneth\/#breadcrumb"},"inLanguage":"fr-FR","potentialAction":[{"@type":"ReadAction","target":["https:\/\/thevegehome.com\/fr\/blog\/recipe\/salade-dete-au-concombre-et-a-laneth\/"]}]},{"@type":"ImageObject","inLanguage":"fr-FR","@id":"https:\/\/thevegehome.com\/fr\/blog\/recipe\/salade-dete-au-concombre-et-a-laneth\/#primaryimage","url":"https:\/\/thevegehome.com\/wp-content\/uploads\/2021\/06\/Screen-Shot-2021-06-04-at-9.48.49-AM.png","contentUrl":"https:\/\/thevegehome.com\/wp-content\/uploads\/2021\/06\/Screen-Shot-2021-06-04-at-9.48.49-AM.png","width":1332,"height":882},{"@type":"BreadcrumbList","@id":"https:\/\/thevegehome.com\/fr\/blog\/recipe\/salade-dete-au-concombre-et-a-laneth\/#breadcrumb","itemListElement":[{"@type":"ListItem","position":1,"name":"Home","item":"https:\/\/thevegehome.com\/fr\/"},{"@type":"ListItem","position":2,"name":"SALADE D&#8217;\u00c9T\u00c9 AU CONCOMBRE ET \u00c0 L&#8217;ANETH"}]},{"@type":"WebSite","@id":"https:\/\/thevegehome.com\/fr\/#website","url":"https:\/\/thevegehome.com\/fr\/","name":"Vegehome","description":"Vegehome","potentialAction":[{"@type":"SearchAction","target":{"@type":"EntryPoint","urlTemplate":"https:\/\/thevegehome.com\/fr\/?s={search_term_string}"},"query-input":{"@type":"PropertyValueSpecification","valueRequired":true,"valueName":"search_term_string"}}],"inLanguage":"fr-FR"}]}},"_links":{"self":[{"href":"https:\/\/thevegehome.com\/fr\/wp-json\/wp\/v2\/recipe\/85930","targetHints":{"allow":["GET"]}}],"collection":[{"href":"https:\/\/thevegehome.com\/fr\/wp-json\/wp\/v2\/recipe"}],"about":[{"href":"https:\/\/thevegehome.com\/fr\/wp-json\/wp\/v2\/types\/recipe"}],"wp:featuredmedia":[{"embeddable":true,"href":"https:\/\/thevegehome.com\/fr\/wp-json\/wp\/v2\/media\/6287"}],"wp:attachment":[{"href":"https:\/\/thevegehome.com\/fr\/wp-json\/wp\/v2\/media?parent=85930"}],"curies":[{"name":"wp","href":"https:\/\/api.w.org\/{rel}","templated":true}]}}

SALADE D&rsquo;ÉTÉ AU CONCOMBRE ET À L&rsquo;ANETH

<!-- This site is optimized with the Yoast SEO plugin v27.4 - https://yoast.com/product/yoast-seo-wordpress/ -->
<title>SALADE D&#039;ÉTÉ AU CONCOMBRE ET À L&#039;ANETH - Vegehome</title>
<meta name="robots" content="index, follow, max-snippet:-1, max-image-preview:large, max-video-preview:-1" />
<link rel="canonical" href="https://thevegehome.com/fr/blog/recipe/salade-dete-au-concombre-et-a-laneth/" />
<meta property="og:locale" content="fr_FR" />
<meta property="og:type" content="article" />
<meta property="og:title" content="SALADE D&#039;ÉTÉ AU CONCOMBRE ET À L&#039;ANETH - Vegehome" />
<meta property="og:url" content="https://thevegehome.com/fr/blog/recipe/salade-dete-au-concombre-et-a-laneth/" />
<meta property="og:site_name" content="Vegehome" />
<meta property="article:modified_time" content="2024-09-11T17:56:41+00:00" />
<meta property="og:image" content="https://thevegehome.com/wp-content/uploads/2021/06/Screen-Shot-2021-06-04-at-9.48.49-AM.png" />
	<meta property="og:image:width" content="1332" />
	<meta property="og:image:height" content="882" />
	<meta property="og:image:type" content="image/png" />
<script type="application/ld+json" class="yoast-schema-graph">{"@context":"https:\/\/schema.org","@graph":[{"@type":"WebPage","@id":"https:\/\/thevegehome.com\/fr\/blog\/recipe\/salade-dete-au-concombre-et-a-laneth\/","url":"https:\/\/thevegehome.com\/fr\/blog\/recipe\/salade-dete-au-concombre-et-a-laneth\/","name":"SALADE D'ÉTÉ AU CONCOMBRE ET À L'ANETH - Vegehome","isPartOf":{"@id":"https:\/\/thevegehome.com\/fr\/#website"},"primaryImageOfPage":{"@id":"https:\/\/thevegehome.com\/fr\/blog\/recipe\/salade-dete-au-concombre-et-a-laneth\/#primaryimage"},"image":{"@id":"https:\/\/thevegehome.com\/fr\/blog\/recipe\/salade-dete-au-concombre-et-a-laneth\/#primaryimage"},"thumbnailUrl":"https:\/\/thevegehome.com\/wp-content\/uploads\/2021\/06\/Screen-Shot-2021-06-04-at-9.48.49-AM.png","datePublished":"2021-06-04T13:51:21+00:00","dateModified":"2024-09-11T17:56:41+00:00","breadcrumb":{"@id":"https:\/\/thevegehome.com\/fr\/blog\/recipe\/salade-dete-au-concombre-et-a-laneth\/#breadcrumb"},"inLanguage":"fr-FR","potentialAction":[{"@type":"ReadAction","target":["https:\/\/thevegehome.com\/fr\/blog\/recipe\/salade-dete-au-concombre-et-a-laneth\/"]}]},{"@type":"ImageObject","inLanguage":"fr-FR","@id":"https:\/\/thevegehome.com\/fr\/blog\/recipe\/salade-dete-au-concombre-et-a-laneth\/#primaryimage","url":"https:\/\/thevegehome.com\/wp-content\/uploads\/2021\/06\/Screen-Shot-2021-06-04-at-9.48.49-AM.png","contentUrl":"https:\/\/thevegehome.com\/wp-content\/uploads\/2021\/06\/Screen-Shot-2021-06-04-at-9.48.49-AM.png","width":1332,"height":882},{"@type":"BreadcrumbList","@id":"https:\/\/thevegehome.com\/fr\/blog\/recipe\/salade-dete-au-concombre-et-a-laneth\/#breadcrumb","itemListElement":[{"@type":"ListItem","position":1,"name":"Home","item":"https:\/\/thevegehome.com\/fr\/"},{"@type":"ListItem","position":2,"name":"SALADE D&#8217;ÉTÉ AU CONCOMBRE ET À L&#8217;ANETH"}]},{"@type":"WebSite","@id":"https:\/\/thevegehome.com\/fr\/#website","url":"https:\/\/thevegehome.com\/fr\/","name":"Vegehome","description":"Vegehome","potentialAction":[{"@type":"SearchAction","target":{"@type":"EntryPoint","urlTemplate":"https:\/\/thevegehome.com\/fr\/?s={search_term_string}"},"query-input":{"@type":"PropertyValueSpecification","valueRequired":true,"valueName":"search_term_string"}}],"inLanguage":"fr-FR"}]}</script>
<!-- / Yoast SEO plugin. -->

SALADE D'ÉTÉ AU CONCOMBRE ET À L'ANETH - Vegehome

SALADE D&#8217;ÉTÉ AU CONCOMBRE ET À L&#8217;ANETH
